{"id":208,"date":"2024-09-08T21:06:23","date_gmt":"2024-09-08T19:06:23","guid":{"rendered":"https:\/\/cabinetdentaire-conquerant-kotbas-chettouh.com\/?page_id=208"},"modified":"2025-09-09T19:10:53","modified_gmt":"2025-09-09T17:10:53","slug":"dr-chettouh-yassine","status":"publish","type":"page","link":"https:\/\/cabinetdentaire-conquerant-kotbas-chettouh.com\/index.php\/dr-chettouh-yassine\/","title":{"rendered":"DR CHETTOUH : PRENDRE RENDEZ-VOUS AU 0240883034"},"content":{"rendered":"\n<div class=\"wp-block-group has-black-background-color has-background is-layout-constrained wp-container-core-group-is-layout-95dd4957 wp-block-group-is-layout-constrained\" style=\"padding-top:0px;padding-right:0px;padding-bottom:0px;padding-left:0px\">\n<div class=\"wp-block-cover is-light\" style=\"padding-bottom:180px;min-height:563px;aspect-ratio:unset;\"><video class=\"wp-block-cover__video-background intrinsic-ignore\" autoplay muted loop playsinline src=\"https:\/\/cabinetdentaire-conquerant-kotbas-chettouh.com\/wp-content\/uploads\/2024\/09\/4f80fd84f30e27c70f249520ccdfb620.mp4\" data-object-fit=\"cover\"><\/video><span aria-hidden=\"true\" class=\"wp-block-cover__background has-white-background-color has-background-dim-70 has-background-dim\"><\/span><div class=\"wp-block-cover__inner-container is-layout-flow wp-block-cover-is-layout-flow\">\n<div class=\"wp-block-group is-layout-constrained wp-container-core-group-is-layout-bc9e83dc wp-block-group-is-layout-constrained\" style=\"padding-top:200px\">\n<div class=\"wp-block-columns is-layout-flex wp-container-core-columns-is-layout-28f84493 wp-block-columns-is-layout-flex\">\n<div class=\"wp-block-column is-layout-flow wp-block-column-is-layout-flow\" style=\"flex-basis:700px\">\n<h1 class=\"wp-block-heading zeever-animate zeever-move-right zeever-delay-1 has-zeever-form-color has-text-color has-tiny-font-size\" style=\"margin-right:0px;margin-bottom:40px;font-style:normal;font-weight:500;line-height:1.2;text-transform:capitalize\"><em>16 rUE DE LA FONTAINE SAINT JEAN, 44780 mISSILLAC<\/em><\/h1>\n\n\n\n<h1 class=\"wp-block-heading zeever-animate zeever-move-right zeever-delay-3 has-zeever-form-color has-text-color has-heading-1-font-size\" style=\"margin-top:23px;margin-right:0px;font-style:normal;font-weight:700;line-height:1.2;text-transform:capitalize\">Dr Yassine CHETTOUH<\/h1>\n\n\n\n<div class=\"wp-block-buttons is-layout-flex wp-block-buttons-is-layout-flex\" style=\"margin-top:60px\">\n<div class=\"wp-block-button is-style-custombuttonfill zeever-animate zeever-move-right zeever-delay-1-move-right zeever-delay-1-delay-5 is-style-custombuttonborder3\"><a class=\"wp-block-button__link has-zeever-bgsoft-color has-text-color has-link-color has-helvetica-arial-font-family wp-element-button\" href=\"#\" style=\"border-radius:0px;padding-top:18px;padding-right:40px;padding-bottom:18px;padding-left:40px\">Omnipratique &#8211; Dentisterie esth\u00c9tique<\/a><\/div>\n<\/div>\n\n\n\n<p class=\"has-large-font-size\">DIPL\u00d4MES, FORMATIONS ET ACTIVIT\u00c9S :<\/p>\n\n\n\n<ul class=\"wp-block-list\">\n<li>Dipl\u00f4me de Docteur en Chirurgie Dentaire<\/li>\n\n\n\n<li>Dipl\u00f4me de l&rsquo;Acad\u00e9mie du Sourire (Aix-en-provence) &#8211; Cursus Esth\u00e9tique du Sourire<\/li>\n\n\n\n<li>DU R\u00e9habilitation Orale Num\u00e9rique (Universit\u00e9 Claude Bernard, Lyon) &#8211; <em>EN COURS<\/em><\/li>\n\n\n\n<li>Ancien Attach\u00e9 Universitaire en Dentisterie Restauratrice-Endondontie \u00e0 la Facult\u00e9 de Chirurgie Dentaire de Nantes<\/li>\n\n\n\n<li>Chef de Clinique des Universit\u00e9s &#8211; Assistant Hospitalier (CCU-AH) &#8211; Universit\u00e9 de Nantes<\/li>\n\n\n\n<li>Omnipratique<\/li>\n\n\n\n<li>Dentisterie Esth\u00e9tique<\/li>\n<\/ul>\n\n\n\n<p class=\"has-large-font-size\">Le Docteur CHETTOUH : <\/p>\n\n\n\n<p>Le Dr Yassine Chettouh est un chirurgien-dentiste qui met un point d&rsquo;honneur \u00e0 offrir des soins de qualit\u00e9 dans un cadre rassurant et bienveillant. Attach\u00e9 \u00e0 une approche personnalis\u00e9e, il veille \u00e0 ce que chaque patient se sente \u00e0 l&rsquo;aise et bien pris en charge.<\/p>\n\n\n\n<p>Actuellement en formation pour un Dipl\u00f4me Universitaire en R\u00e9habilitation Orale Num\u00e9rique, il int\u00e8gre les derni\u00e8res technologies dans son travail, comme l\u2019utilisation de cam\u00e9ras 3D ou encore le Smile Design pour les empreintes, afin d\u2019am\u00e9liorer le confort et la pr\u00e9cision des traitements.<\/p>\n\n\n\n<p>En parall\u00e8le de son activit\u00e9 en cabinet, Dr Chettouh est Chef de Clinique des Universit\u00e9s &#8211; Assistant Hospitalier \u00e0 la facult\u00e9 de Nantes, et participe r\u00e9guli\u00e8rement \u00e0 des formations et masterclass pour continuer \u00e0 se perfectionner. Dipl\u00f4m\u00e9 de l\u2019Acad\u00e9mie du Sourire, il se consacre pleinement \u00e0 l&rsquo;am\u00e9lioration continue de ses comp\u00e9tences et \u00e0 l\u2019adoption de techniques modernes pour garantir des r\u00e9sultats esth\u00e9tiques et fonctionnels optimaux.<\/p>\n<\/div>\n<\/div>\n<\/div>\n<\/div><\/div>\n<\/div>\n\n\n\n<div class=\"wp-block-group alignfull has-background-color is-layout-flow wp-block-group-is-layout-flow\" style=\"margin-top:0;margin-bottom:0;padding-top:var(--wp--preset--spacing--50);padding-right:var(--wp--preset--spacing--30);padding-bottom:var(--wp--preset--spacing--50);padding-left:var(--wp--preset--spacing--30)\">\n<div class=\"wp-block-group alignfull has-small-font-size is-content-justification-space-between is-nowrap is-layout-flex wp-container-core-group-is-layout-cc97c919 wp-block-group-is-layout-flex\"><h1 class=\"wp-block-site-title has-small-font-size wp-container-content-b0223bd5\"><a href=\"https:\/\/cabinetdentaire-conquerant-kotbas-chettouh.com\" target=\"_self\" rel=\"home\">CABINET DENTAIRE CONQU\u00c9RANT &#8211; KOTBAS &#8211; CHETTOUH<\/a><\/h1>\n\n\n<div class=\"wp-block-group wp-container-content-9cfa9a5a is-vertical is-content-justification-center is-layout-flex wp-container-core-group-is-layout-ce155fab wp-block-group-is-layout-flex\">\n<p class=\"has-text-align-center has-small-font-size\"><\/p>\n<\/div>\n\n\n\n<ul class=\"wp-block-social-links has-small-icon-size is-style-logos-only wp-container-content-b0223bd5 is-content-justification-right is-nowrap is-layout-flex wp-container-core-social-links-is-layout-ad1cd33a wp-block-social-links-is-layout-flex\"><\/ul>\n<\/div>\n<\/div>\n\n\n\n<p><\/p>\n","protected":false},"excerpt":{"rendered":"","protected":false},"author":1,"featured_media":0,"parent":0,"menu_order":0,"comment_status":"closed","ping_status":"closed","template":"","meta":{"footnotes":""},"class_list":["post-208","page","type-page","status-publish","hentry"],"_links":{"self":[{"href":"https:\/\/cabinetdentaire-conquerant-kotbas-chettouh.com\/index.php\/wp-json\/wp\/v2\/pages\/208","targetHints":{"allow":["GET"]}}],"collection":[{"href":"https:\/\/cabinetdentaire-conquerant-kotbas-chettouh.com\/index.php\/wp-json\/wp\/v2\/pages"}],"about":[{"href":"https:\/\/cabinetdentaire-conquerant-kotbas-chettouh.com\/index.php\/wp-json\/wp\/v2\/types\/page"}],"author":[{"embeddable":true,"href":"https:\/\/cabinetdentaire-conquerant-kotbas-chettouh.com\/index.php\/wp-json\/wp\/v2\/users\/1"}],"replies":[{"embeddable":true,"href":"https:\/\/cabinetdentaire-conquerant-kotbas-chettouh.com\/index.php\/wp-json\/wp\/v2\/comments?post=208"}],"version-history":[{"count":20,"href":"https:\/\/cabinetdentaire-conquerant-kotbas-chettouh.com\/index.php\/wp-json\/wp\/v2\/pages\/208\/revisions"}],"predecessor-version":[{"id":345,"href":"https:\/\/cabinetdentaire-conquerant-kotbas-chettouh.com\/index.php\/wp-json\/wp\/v2\/pages\/208\/revisions\/345"}],"wp:attachment":[{"href":"https:\/\/cabinetdentaire-conquerant-kotbas-chettouh.com\/index.php\/wp-json\/wp\/v2\/media?parent=208"}],"curies":[{"name":"wp","href":"https:\/\/api.w.org\/{rel}","templated":true}]}}